{"id":58283,"date":"2023-10-04T07:51:33","date_gmt":"2023-10-04T05:51:33","guid":{"rendered":"https:\/\/rubi5.com\/?post_type=product&#038;p=58283"},"modified":"2026-01-20T03:12:12","modified_gmt":"2026-01-20T01:12:12","slug":"taza-navidad-vintage","status":"publish","type":"product","link":"https:\/\/rubi5.com\/staging\/taza-navidad-vintage\/","title":{"rendered":"Taza navidad vintage"},"content":{"rendered":"","protected":false},"excerpt":{"rendered":"<p>Taza de cer\u00e1mica con dise\u00f1o navide\u00f1o en un estilo vintage, que tanto est\u00e1 de moda. Con capacidad de 280 ml.<\/p>\n<p>Con un hueco sin detalles navide\u00f1os en la parte frontal, que ser\u00e1 el \u00e1rea de marcaje pensado para grabar el logo de tu empresa.<\/p>\n<p>Presentada en atractiva caja individual kraft.<\/p>\n<p>Sorprende a tus clientes con un regalo navide\u00f1o en diciembre, y que tu marca sea la que les acompa\u00f1e en cada desayuno.<\/p>\n","protected":false},"featured_media":58287,"template":"","meta":{"_acf_changed":false},"product_brand":[],"product_cat":[976,980,967,230,30],"product_tag":[],"class_list":{"0":"post-58283","1":"product","2":"type-product","3":"status-publish","4":"has-post-thumbnail","6":"product_cat-tazas-navidenas","7":"product_cat-mas-regalos","8":"product_cat-regalos-de-navidad","9":"product_cat-tazas-personalizadas","10":"product_cat-tazas-y-botellas","12":"first","13":"instock","14":"taxable","15":"shipping-taxable","16":"product-type-variable"},"acf":[],"_links":{"self":[{"href":"https:\/\/rubi5.com\/staging\/wp-json\/wp\/v2\/product\/58283","targetHints":{"allow":["GET"]}}],"collection":[{"href":"https:\/\/rubi5.com\/staging\/wp-json\/wp\/v2\/product"}],"about":[{"href":"https:\/\/rubi5.com\/staging\/wp-json\/wp\/v2\/types\/product"}],"version-history":[{"count":1,"href":"https:\/\/rubi5.com\/staging\/wp-json\/wp\/v2\/product\/58283\/revisions"}],"predecessor-version":[{"id":58291,"href":"https:\/\/rubi5.com\/staging\/wp-json\/wp\/v2\/product\/58283\/revisions\/58291"}],"wp:featuredmedia":[{"embeddable":true,"href":"https:\/\/rubi5.com\/staging\/wp-json\/wp\/v2\/media\/58287"}],"wp:attachment":[{"href":"https:\/\/rubi5.com\/staging\/wp-json\/wp\/v2\/media?parent=58283"}],"wp:term":[{"taxonomy":"product_brand","embeddable":true,"href":"https:\/\/rubi5.com\/staging\/wp-json\/wp\/v2\/product_brand?post=58283"},{"taxonomy":"product_cat","embeddable":true,"href":"https:\/\/rubi5.com\/staging\/wp-json\/wp\/v2\/product_cat?post=58283"},{"taxonomy":"product_tag","embeddable":true,"href":"https:\/\/rubi5.com\/staging\/wp-json\/wp\/v2\/product_tag?post=58283"}],"curies":[{"name":"wp","href":"https:\/\/api.w.org\/{rel}","templated":true}]}}