{"id":58386,"date":"2023-10-04T12:10:40","date_gmt":"2023-10-04T10:10:40","guid":{"rendered":"https:\/\/rubi5.com\/?post_type=product&#038;p=58386"},"modified":"2026-01-19T03:13:49","modified_gmt":"2026-01-19T01:13:49","slug":"bolsa-combinacion-yute-y-algodon","status":"publish","type":"product","link":"https:\/\/rubi5.com\/staging\/bolsa-combinacion-yute-y-algodon\/","title":{"rendered":"Bolsa combinaci\u00f3n yute y algod\u00f3n Rotin"},"content":{"rendered":"","protected":false},"excerpt":{"rendered":"<p>Bolsa en combinaci\u00f3n de materiales yute laminado y algod\u00f3n laminado. De acabado cosido y con asas largas reforzadas de 76 cm. Resistencia de hasta 12 kg de peso.<\/p>\n<p>Las asas y los laterales son de yute, que podr\u00e1s elegir entre diferentes colores, mientras que las partes de algod\u00f3n son en color natural. Podr\u00e1s combinar la bolsa con el color principal de vuestro logo.<\/p>\n<p><strong>Medidas: 39 x 31,5 x 16 cm<\/strong><\/p>\n","protected":false},"featured_media":62846,"template":"","meta":{"_acf_changed":false},"product_brand":[],"product_cat":[971,196,21],"product_tag":[],"class_list":{"0":"post-58386","1":"product","2":"type-product","3":"status-publish","4":"has-post-thumbnail","6":"product_cat-bolsas-de-yute","7":"product_cat-bolsas-personalizadas","8":"product_cat-bolsas-y-mochilas","10":"first","11":"instock","12":"taxable","13":"shipping-taxable","14":"purchasable","15":"product-type-variable"},"acf":[],"_links":{"self":[{"href":"https:\/\/rubi5.com\/staging\/wp-json\/wp\/v2\/product\/58386","targetHints":{"allow":["GET"]}}],"collection":[{"href":"https:\/\/rubi5.com\/staging\/wp-json\/wp\/v2\/product"}],"about":[{"href":"https:\/\/rubi5.com\/staging\/wp-json\/wp\/v2\/types\/product"}],"version-history":[{"count":6,"href":"https:\/\/rubi5.com\/staging\/wp-json\/wp\/v2\/product\/58386\/revisions"}],"predecessor-version":[{"id":68118,"href":"https:\/\/rubi5.com\/staging\/wp-json\/wp\/v2\/product\/58386\/revisions\/68118"}],"wp:featuredmedia":[{"embeddable":true,"href":"https:\/\/rubi5.com\/staging\/wp-json\/wp\/v2\/media\/62846"}],"wp:attachment":[{"href":"https:\/\/rubi5.com\/staging\/wp-json\/wp\/v2\/media?parent=58386"}],"wp:term":[{"taxonomy":"product_brand","embeddable":true,"href":"https:\/\/rubi5.com\/staging\/wp-json\/wp\/v2\/product_brand?post=58386"},{"taxonomy":"product_cat","embeddable":true,"href":"https:\/\/rubi5.com\/staging\/wp-json\/wp\/v2\/product_cat?post=58386"},{"taxonomy":"product_tag","embeddable":true,"href":"https:\/\/rubi5.com\/staging\/wp-json\/wp\/v2\/product_tag?post=58386"}],"curies":[{"name":"wp","href":"https:\/\/api.w.org\/{rel}","templated":true}]}}