{"id":59161,"date":"2023-10-30T15:45:08","date_gmt":"2023-10-30T13:45:08","guid":{"rendered":"https:\/\/rubi5.com\/?post_type=product&#038;p=59161"},"modified":"2025-02-13T09:31:01","modified_gmt":"2025-02-13T07:31:01","slug":"bolsa-algodon-eco-y-yute","status":"publish","type":"product","link":"https:\/\/rubi5.com\/staging\/bolsa-algodon-eco-y-yute\/","title":{"rendered":"Bolsa algod\u00f3n eco y yute"},"content":{"rendered":"","protected":false},"excerpt":{"rendered":"<p>Bolsa de algod\u00f3n ecol\u00f3gico con los laterales en yute. Una bolsa promocional resistente, ideal para regalar a tus clientes si llevas una tienda de alimentaci\u00f3n de barrio.<\/p>\n<p>Una bolsa de la compra de gran capacidad, con doble asa ancha, para un agarre mucho m\u00e1s c\u00f3modo. Y con un bolsillo interior, que pocas bolsas lo traen, y que te resultar\u00e1 muy c\u00f3modo.<\/p>\n<p><strong>Medidas: 40 x 33.50 x 19 cm<\/strong><\/p>\n","protected":false},"featured_media":59164,"template":"","meta":{"_acf_changed":false},"product_brand":[],"product_cat":[971,196,21],"product_tag":[],"class_list":{"0":"post-59161","1":"product","2":"type-product","3":"status-publish","4":"has-post-thumbnail","6":"product_cat-bolsas-de-yute","7":"product_cat-bolsas-personalizadas","8":"product_cat-bolsas-y-mochilas","10":"first","11":"instock","12":"taxable","13":"shipping-taxable","14":"purchasable","15":"product-type-simple"},"acf":[],"_links":{"self":[{"href":"https:\/\/rubi5.com\/staging\/wp-json\/wp\/v2\/product\/59161","targetHints":{"allow":["GET"]}}],"collection":[{"href":"https:\/\/rubi5.com\/staging\/wp-json\/wp\/v2\/product"}],"about":[{"href":"https:\/\/rubi5.com\/staging\/wp-json\/wp\/v2\/types\/product"}],"version-history":[{"count":2,"href":"https:\/\/rubi5.com\/staging\/wp-json\/wp\/v2\/product\/59161\/revisions"}],"predecessor-version":[{"id":60228,"href":"https:\/\/rubi5.com\/staging\/wp-json\/wp\/v2\/product\/59161\/revisions\/60228"}],"wp:featuredmedia":[{"embeddable":true,"href":"https:\/\/rubi5.com\/staging\/wp-json\/wp\/v2\/media\/59164"}],"wp:attachment":[{"href":"https:\/\/rubi5.com\/staging\/wp-json\/wp\/v2\/media?parent=59161"}],"wp:term":[{"taxonomy":"product_brand","embeddable":true,"href":"https:\/\/rubi5.com\/staging\/wp-json\/wp\/v2\/product_brand?post=59161"},{"taxonomy":"product_cat","embeddable":true,"href":"https:\/\/rubi5.com\/staging\/wp-json\/wp\/v2\/product_cat?post=59161"},{"taxonomy":"product_tag","embeddable":true,"href":"https:\/\/rubi5.com\/staging\/wp-json\/wp\/v2\/product_tag?post=59161"}],"curies":[{"name":"wp","href":"https:\/\/api.w.org\/{rel}","templated":true}]}}