{"id":59291,"date":"2023-11-08T11:04:13","date_gmt":"2023-11-08T09:04:13","guid":{"rendered":"https:\/\/rubi5.com\/?post_type=product&#038;p=59291"},"modified":"2026-01-19T03:11:09","modified_gmt":"2026-01-19T01:11:09","slug":"boligrafo-parker-jotter-tinta-azul","status":"publish","type":"product","link":"https:\/\/rubi5.com\/staging\/boligrafo-parker-jotter-tinta-azul\/","title":{"rendered":"Bol\u00edgrafo Parker Jotter tinta azul"},"content":{"rendered":"","protected":false},"excerpt":{"rendered":"<p>El bol\u00edgrafo Parker Jotter Original, destaca por su acabado retro y\u00a0 su cuerpo fabricado en combinaci\u00f3n de acero inox y resistente ABS. Mecanismo pulsador, cl\u00e1sico cartucho interior y carga jumbo.<\/p>\n<p>Tinta azul.<\/p>\n<p>Presentaci\u00f3n en estuche individual negro con logotipo Parker.<\/p>\n<p>Jotter Originals es una colecci\u00f3n retro inspirada en el esp\u00edritu de los 90. La gama de bol\u00edgrafos Parker combina la inconfundible silueta de Jotter y el clic caracter\u00edstico con una paleta de colores intensos que rinde tributo a esta d\u00e9cada ic\u00f3nica. Un nuevo miembro de la familia Jotter, perfecto para usarlo en cualquier momento Parker Jotter Originals garantiza una escritura fluida en cada trazo del bol\u00edgrafo<\/p>\n","protected":false},"featured_media":62209,"template":"","meta":{"_acf_changed":false},"product_brand":[],"product_cat":[321,317,43],"product_tag":[],"class_list":{"0":"post-59291","1":"product","2":"type-product","3":"status-publish","4":"has-post-thumbnail","6":"product_cat-boligrafos-de-lujo","7":"product_cat-boligrafos-personalizados","8":"product_cat-escritura","9":"pa_marcas-parker","11":"first","12":"instock","13":"taxable","14":"shipping-taxable","15":"product-type-variable"},"acf":[],"_links":{"self":[{"href":"https:\/\/rubi5.com\/staging\/wp-json\/wp\/v2\/product\/59291","targetHints":{"allow":["GET"]}}],"collection":[{"href":"https:\/\/rubi5.com\/staging\/wp-json\/wp\/v2\/product"}],"about":[{"href":"https:\/\/rubi5.com\/staging\/wp-json\/wp\/v2\/types\/product"}],"version-history":[{"count":1,"href":"https:\/\/rubi5.com\/staging\/wp-json\/wp\/v2\/product\/59291\/revisions"}],"predecessor-version":[{"id":59335,"href":"https:\/\/rubi5.com\/staging\/wp-json\/wp\/v2\/product\/59291\/revisions\/59335"}],"wp:featuredmedia":[{"embeddable":true,"href":"https:\/\/rubi5.com\/staging\/wp-json\/wp\/v2\/media\/62209"}],"wp:attachment":[{"href":"https:\/\/rubi5.com\/staging\/wp-json\/wp\/v2\/media?parent=59291"}],"wp:term":[{"taxonomy":"product_brand","embeddable":true,"href":"https:\/\/rubi5.com\/staging\/wp-json\/wp\/v2\/product_brand?post=59291"},{"taxonomy":"product_cat","embeddable":true,"href":"https:\/\/rubi5.com\/staging\/wp-json\/wp\/v2\/product_cat?post=59291"},{"taxonomy":"product_tag","embeddable":true,"href":"https:\/\/rubi5.com\/staging\/wp-json\/wp\/v2\/product_tag?post=59291"}],"curies":[{"name":"wp","href":"https:\/\/api.w.org\/{rel}","templated":true}]}}