{"id":59294,"date":"2023-11-08T11:39:19","date_gmt":"2023-11-08T09:39:19","guid":{"rendered":"https:\/\/rubi5.com\/?post_type=product&#038;p=59294"},"modified":"2025-01-23T12:38:03","modified_gmt":"2025-01-23T10:38:03","slug":"bolsa-algodon-organico-270gr-m%c2%b2","status":"publish","type":"product","link":"https:\/\/rubi5.com\/staging\/bolsa-algodon-organico-270gr-m%c2%b2\/","title":{"rendered":"Bolsa algod\u00f3n org\u00e1nico 270gr\/m\u00b2"},"content":{"rendered":"","protected":false},"excerpt":{"rendered":"<p>Bolsa de la compra de algod\u00f3n org\u00e1nico con asas largas y fuelle interior, que permite una mayor capacidad en la bolsa. Fabricada en material ecol\u00f3gico, y con un algod\u00f3n de un gramaje 270 gr\/m\u00b2, que har\u00e1 de tu bolsa, la m\u00e1s resistente.<\/p>\n<p><strong>Medidas: 38 x 42 x 9 cm<\/strong><\/p>\n","protected":false},"featured_media":59314,"template":"","meta":{"_acf_changed":false},"product_brand":[],"product_cat":[219,196,21],"product_tag":[],"class_list":{"0":"post-59294","1":"product","2":"type-product","3":"status-publish","4":"has-post-thumbnail","6":"product_cat-bolsas-de-tela","7":"product_cat-bolsas-personalizadas","8":"product_cat-bolsas-y-mochilas","10":"first","11":"instock","12":"taxable","13":"shipping-taxable","14":"purchasable","15":"product-type-variable"},"acf":[],"_links":{"self":[{"href":"https:\/\/rubi5.com\/staging\/wp-json\/wp\/v2\/product\/59294","targetHints":{"allow":["GET"]}}],"collection":[{"href":"https:\/\/rubi5.com\/staging\/wp-json\/wp\/v2\/product"}],"about":[{"href":"https:\/\/rubi5.com\/staging\/wp-json\/wp\/v2\/types\/product"}],"version-history":[{"count":5,"href":"https:\/\/rubi5.com\/staging\/wp-json\/wp\/v2\/product\/59294\/revisions"}],"predecessor-version":[{"id":60226,"href":"https:\/\/rubi5.com\/staging\/wp-json\/wp\/v2\/product\/59294\/revisions\/60226"}],"wp:featuredmedia":[{"embeddable":true,"href":"https:\/\/rubi5.com\/staging\/wp-json\/wp\/v2\/media\/59314"}],"wp:attachment":[{"href":"https:\/\/rubi5.com\/staging\/wp-json\/wp\/v2\/media?parent=59294"}],"wp:term":[{"taxonomy":"product_brand","embeddable":true,"href":"https:\/\/rubi5.com\/staging\/wp-json\/wp\/v2\/product_brand?post=59294"},{"taxonomy":"product_cat","embeddable":true,"href":"https:\/\/rubi5.com\/staging\/wp-json\/wp\/v2\/product_cat?post=59294"},{"taxonomy":"product_tag","embeddable":true,"href":"https:\/\/rubi5.com\/staging\/wp-json\/wp\/v2\/product_tag?post=59294"}],"curies":[{"name":"wp","href":"https:\/\/api.w.org\/{rel}","templated":true}]}}