{"id":59349,"date":"2023-11-09T11:59:13","date_gmt":"2023-11-09T09:59:13","guid":{"rendered":"https:\/\/rubi5.com\/?post_type=product&#038;p=59349"},"modified":"2025-07-14T14:26:15","modified_gmt":"2025-07-14T12:26:15","slug":"bolsa-algodon-organico-280gr-m%c2%b2","status":"publish","type":"product","link":"https:\/\/rubi5.com\/staging\/bolsa-algodon-organico-280gr-m%c2%b2\/","title":{"rendered":"Bolsa algod\u00f3n org\u00e1nico 270gr\/m\u00b2"},"content":{"rendered":"","protected":false},"excerpt":{"rendered":"<p>Bolsa de la compra de algod\u00f3n org\u00e1nico con asas largas. Con un gramaje de 270 gr\/m\u00b2, que hace de esta bolsa, la m\u00e1s resistente del mercado en algod\u00f3n. Adem\u00e1s, tendr\u00e1s en tus manos una bolsa sostenible, ideal para regalar en un evento donde quieras mostrar a tus clientes tu concienciaci\u00f3n con el medio ambiente.<\/p>\n<p><strong>Medidas: 38 x 42 x 9 cm<\/strong><\/p>\n","protected":false},"featured_media":62045,"template":"","meta":{"_acf_changed":false},"product_brand":[],"product_cat":[219,196,21],"product_tag":[],"class_list":{"0":"post-59349","1":"product","2":"type-product","3":"status-publish","4":"has-post-thumbnail","6":"product_cat-bolsas-de-tela","7":"product_cat-bolsas-personalizadas","8":"product_cat-bolsas-y-mochilas","10":"first","11":"instock","12":"taxable","13":"shipping-taxable","14":"purchasable","15":"product-type-simple"},"acf":[],"_links":{"self":[{"href":"https:\/\/rubi5.com\/staging\/wp-json\/wp\/v2\/product\/59349","targetHints":{"allow":["GET"]}}],"collection":[{"href":"https:\/\/rubi5.com\/staging\/wp-json\/wp\/v2\/product"}],"about":[{"href":"https:\/\/rubi5.com\/staging\/wp-json\/wp\/v2\/types\/product"}],"version-history":[{"count":3,"href":"https:\/\/rubi5.com\/staging\/wp-json\/wp\/v2\/product\/59349\/revisions"}],"predecessor-version":[{"id":69209,"href":"https:\/\/rubi5.com\/staging\/wp-json\/wp\/v2\/product\/59349\/revisions\/69209"}],"wp:featuredmedia":[{"embeddable":true,"href":"https:\/\/rubi5.com\/staging\/wp-json\/wp\/v2\/media\/62045"}],"wp:attachment":[{"href":"https:\/\/rubi5.com\/staging\/wp-json\/wp\/v2\/media?parent=59349"}],"wp:term":[{"taxonomy":"product_brand","embeddable":true,"href":"https:\/\/rubi5.com\/staging\/wp-json\/wp\/v2\/product_brand?post=59349"},{"taxonomy":"product_cat","embeddable":true,"href":"https:\/\/rubi5.com\/staging\/wp-json\/wp\/v2\/product_cat?post=59349"},{"taxonomy":"product_tag","embeddable":true,"href":"https:\/\/rubi5.com\/staging\/wp-json\/wp\/v2\/product_tag?post=59349"}],"curies":[{"name":"wp","href":"https:\/\/api.w.org\/{rel}","templated":true}]}}