{"id":59423,"date":"2023-11-10T09:17:50","date_gmt":"2023-11-10T07:17:50","guid":{"rendered":"https:\/\/rubi5.com\/?post_type=product&#038;p=59423"},"modified":"2026-01-19T03:11:07","modified_gmt":"2026-01-19T01:11:07","slug":"portanotas-de-bambu-kokil","status":"publish","type":"product","link":"https:\/\/rubi5.com\/staging\/portanotas-de-bambu-kokil\/","title":{"rendered":"Portanotas de bamb\u00fa Kokil"},"content":{"rendered":"","protected":false},"excerpt":{"rendered":"<p>Portanotas con tapas r\u00edgidas de bamb\u00fa. Con 115 hojas adhesivas de acabado kraft, 115 hojas adhesivas medianas y 420 mini notas adhesivas.<\/p>\n<p>Un complemento perfecto para tener en la mesa de la oficina. Ten siempre a mano notas de todos los tama\u00f1os para apuntar tus tareas y que no se te olvide nada.<\/p>\n<p>Este portanotas personalizado es ideal para regalar a tus clientes, cuando vayan de visita por tus instalaciones, para que el comercial lleve siempre en el coche en sus visitas, o para repartir entre tus empleados.<\/p>\n","protected":false},"featured_media":59426,"template":"","meta":{"_acf_changed":false},"product_brand":[],"product_cat":[248,247,33],"product_tag":[],"class_list":{"0":"post-59423","1":"product","2":"type-product","3":"status-publish","4":"has-post-thumbnail","6":"product_cat-blocs-de-notas-personalizados","7":"product_cat-libretas-personalizadas","8":"product_cat-oficina","10":"first","11":"instock","12":"taxable","13":"shipping-taxable","14":"purchasable","15":"product-type-simple"},"acf":[],"_links":{"self":[{"href":"https:\/\/rubi5.com\/staging\/wp-json\/wp\/v2\/product\/59423","targetHints":{"allow":["GET"]}}],"collection":[{"href":"https:\/\/rubi5.com\/staging\/wp-json\/wp\/v2\/product"}],"about":[{"href":"https:\/\/rubi5.com\/staging\/wp-json\/wp\/v2\/types\/product"}],"version-history":[{"count":1,"href":"https:\/\/rubi5.com\/staging\/wp-json\/wp\/v2\/product\/59423\/revisions"}],"predecessor-version":[{"id":59428,"href":"https:\/\/rubi5.com\/staging\/wp-json\/wp\/v2\/product\/59423\/revisions\/59428"}],"wp:featuredmedia":[{"embeddable":true,"href":"https:\/\/rubi5.com\/staging\/wp-json\/wp\/v2\/media\/59426"}],"wp:attachment":[{"href":"https:\/\/rubi5.com\/staging\/wp-json\/wp\/v2\/media?parent=59423"}],"wp:term":[{"taxonomy":"product_brand","embeddable":true,"href":"https:\/\/rubi5.com\/staging\/wp-json\/wp\/v2\/product_brand?post=59423"},{"taxonomy":"product_cat","embeddable":true,"href":"https:\/\/rubi5.com\/staging\/wp-json\/wp\/v2\/product_cat?post=59423"},{"taxonomy":"product_tag","embeddable":true,"href":"https:\/\/rubi5.com\/staging\/wp-json\/wp\/v2\/product_tag?post=59423"}],"curies":[{"name":"wp","href":"https:\/\/api.w.org\/{rel}","templated":true}]}}