{"id":59501,"date":"2023-11-13T09:08:12","date_gmt":"2023-11-13T07:08:12","guid":{"rendered":"https:\/\/rubi5.com\/?post_type=product&#038;p=59501"},"modified":"2026-01-19T03:13:49","modified_gmt":"2026-01-19T01:13:49","slug":"boligrafo-rpet-dontiox","status":"publish","type":"product","link":"https:\/\/rubi5.com\/staging\/boligrafo-rpet-dontiox\/","title":{"rendered":"Bol\u00edgrafo RPET Dontiox"},"content":{"rendered":"","protected":false},"excerpt":{"rendered":"<p>Bol\u00edgrafo fabricado en RPET. Clip con amplia zona de marcaje, de mecanismo pulsador y en tinta azul.<\/p>\n<p>Un bol\u00edgrafo elaborado a partir de pl\u00e1stico reciclado, para as\u00ed fomentar la reutilizaci\u00f3n de residuos pl\u00e1sticos y ayudar a la sostenibilidad del planeta.<\/p>\n<p>Podr\u00e1s elegir grabar tu logo en el clip, que tiene una amplia zona de marcaje, o personalizar el cuerpo del bol\u00edgrafo. Si tienes dudas de donde quieres que aparezca la imagen de tu marca, p\u00eddenos un boceto digital de ambas opciones, y te ayudaremos a salir de dudas.<\/p>\n","protected":false},"featured_media":60744,"template":"","meta":{"_acf_changed":false},"product_brand":[],"product_cat":[320,317,43],"product_tag":[],"class_list":{"0":"post-59501","1":"product","2":"type-product","3":"status-publish","4":"has-post-thumbnail","6":"product_cat-boligrafos-ecologicos","7":"product_cat-boligrafos-personalizados","8":"product_cat-escritura","10":"first","11":"instock","12":"taxable","13":"shipping-taxable","14":"purchasable","15":"product-type-variable"},"acf":[],"_links":{"self":[{"href":"https:\/\/rubi5.com\/staging\/wp-json\/wp\/v2\/product\/59501","targetHints":{"allow":["GET"]}}],"collection":[{"href":"https:\/\/rubi5.com\/staging\/wp-json\/wp\/v2\/product"}],"about":[{"href":"https:\/\/rubi5.com\/staging\/wp-json\/wp\/v2\/types\/product"}],"version-history":[{"count":1,"href":"https:\/\/rubi5.com\/staging\/wp-json\/wp\/v2\/product\/59501\/revisions"}],"predecessor-version":[{"id":59515,"href":"https:\/\/rubi5.com\/staging\/wp-json\/wp\/v2\/product\/59501\/revisions\/59515"}],"wp:featuredmedia":[{"embeddable":true,"href":"https:\/\/rubi5.com\/staging\/wp-json\/wp\/v2\/media\/60744"}],"wp:attachment":[{"href":"https:\/\/rubi5.com\/staging\/wp-json\/wp\/v2\/media?parent=59501"}],"wp:term":[{"taxonomy":"product_brand","embeddable":true,"href":"https:\/\/rubi5.com\/staging\/wp-json\/wp\/v2\/product_brand?post=59501"},{"taxonomy":"product_cat","embeddable":true,"href":"https:\/\/rubi5.com\/staging\/wp-json\/wp\/v2\/product_cat?post=59501"},{"taxonomy":"product_tag","embeddable":true,"href":"https:\/\/rubi5.com\/staging\/wp-json\/wp\/v2\/product_tag?post=59501"}],"curies":[{"name":"wp","href":"https:\/\/api.w.org\/{rel}","templated":true}]}}