{"id":60622,"date":"2023-12-22T10:59:32","date_gmt":"2023-12-22T08:59:32","guid":{"rendered":"https:\/\/rubi5.com\/?post_type=product&#038;p=60622"},"modified":"2026-01-19T03:11:05","modified_gmt":"2026-01-19T01:11:05","slug":"set-dental-con-cepillo-de-dientes","status":"publish","type":"product","link":"https:\/\/rubi5.com\/staging\/set-dental-con-cepillo-de-dientes\/","title":{"rendered":"Set dental con cepillo de dientes"},"content":{"rendered":"","protected":false},"excerpt":{"rendered":"<p>Set dental con cepillo de dientes fabricado en ca\u00f1a de trigo, para as\u00ed fomentar la utilizaci\u00f3n de materias primas naturales y reducir las emisiones contaminantes.<br \/>\nPasta dent\u00edfrica en tubo de 6 gr, con tap\u00f3n a rosca.<br \/>\nEste set est\u00e1 presentado en un\u00a0estuche individual de cart\u00f3n reciclado.<\/p>\n","protected":false},"featured_media":60625,"template":"","meta":{"_acf_changed":false},"product_brand":[],"product_cat":[923,187],"product_tag":[],"class_list":{"0":"post-60622","1":"product","2":"type-product","3":"status-publish","4":"has-post-thumbnail","6":"product_cat-cepillos-de-dientes","7":"product_cat-salud-y-bienestar","9":"first","10":"instock","11":"taxable","12":"shipping-taxable","13":"purchasable","14":"product-type-simple"},"acf":[],"_links":{"self":[{"href":"https:\/\/rubi5.com\/staging\/wp-json\/wp\/v2\/product\/60622","targetHints":{"allow":["GET"]}}],"collection":[{"href":"https:\/\/rubi5.com\/staging\/wp-json\/wp\/v2\/product"}],"about":[{"href":"https:\/\/rubi5.com\/staging\/wp-json\/wp\/v2\/types\/product"}],"version-history":[{"count":3,"href":"https:\/\/rubi5.com\/staging\/wp-json\/wp\/v2\/product\/60622\/revisions"}],"predecessor-version":[{"id":60628,"href":"https:\/\/rubi5.com\/staging\/wp-json\/wp\/v2\/product\/60622\/revisions\/60628"}],"wp:featuredmedia":[{"embeddable":true,"href":"https:\/\/rubi5.com\/staging\/wp-json\/wp\/v2\/media\/60625"}],"wp:attachment":[{"href":"https:\/\/rubi5.com\/staging\/wp-json\/wp\/v2\/media?parent=60622"}],"wp:term":[{"taxonomy":"product_brand","embeddable":true,"href":"https:\/\/rubi5.com\/staging\/wp-json\/wp\/v2\/product_brand?post=60622"},{"taxonomy":"product_cat","embeddable":true,"href":"https:\/\/rubi5.com\/staging\/wp-json\/wp\/v2\/product_cat?post=60622"},{"taxonomy":"product_tag","embeddable":true,"href":"https:\/\/rubi5.com\/staging\/wp-json\/wp\/v2\/product_tag?post=60622"}],"curies":[{"name":"wp","href":"https:\/\/api.w.org\/{rel}","templated":true}]}}