{"id":61504,"date":"2024-02-22T12:52:39","date_gmt":"2024-02-22T10:52:39","guid":{"rendered":"https:\/\/rubi5.com\/?post_type=product&#038;p=61504"},"modified":"2024-09-20T09:11:46","modified_gmt":"2024-09-20T07:11:46","slug":"bidon-de-aluminio-420ml","status":"publish","type":"product","link":"https:\/\/rubi5.com\/staging\/bidon-de-aluminio-420ml\/","title":{"rendered":"Bid\u00f3n de aluminio 420ml"},"content":{"rendered":"","protected":false},"excerpt":{"rendered":"<p>Bid\u00f3n de aluminio de 420 ml con mosquet\u00f3n de sujeci\u00f3n. Tiene un tap\u00f3n de seguridad a rosca ideal para evitar las fugas de agua. Disponible en variados colores.<\/p>\n","protected":false},"featured_media":62087,"template":"","meta":{"_acf_changed":false},"product_brand":[],"product_cat":[233,234,30],"product_tag":[],"class_list":{"0":"post-61504","1":"product","2":"type-product","3":"status-publish","4":"has-post-thumbnail","6":"product_cat-botellas-personalizadas","7":"product_cat-botellas-reutilizables","8":"product_cat-tazas-y-botellas","10":"first","11":"instock","12":"taxable","13":"shipping-taxable","14":"purchasable","15":"product-type-variable"},"acf":[],"_links":{"self":[{"href":"https:\/\/rubi5.com\/staging\/wp-json\/wp\/v2\/product\/61504","targetHints":{"allow":["GET"]}}],"collection":[{"href":"https:\/\/rubi5.com\/staging\/wp-json\/wp\/v2\/product"}],"about":[{"href":"https:\/\/rubi5.com\/staging\/wp-json\/wp\/v2\/types\/product"}],"version-history":[{"count":4,"href":"https:\/\/rubi5.com\/staging\/wp-json\/wp\/v2\/product\/61504\/revisions"}],"predecessor-version":[{"id":61522,"href":"https:\/\/rubi5.com\/staging\/wp-json\/wp\/v2\/product\/61504\/revisions\/61522"}],"wp:featuredmedia":[{"embeddable":true,"href":"https:\/\/rubi5.com\/staging\/wp-json\/wp\/v2\/media\/62087"}],"wp:attachment":[{"href":"https:\/\/rubi5.com\/staging\/wp-json\/wp\/v2\/media?parent=61504"}],"wp:term":[{"taxonomy":"product_brand","embeddable":true,"href":"https:\/\/rubi5.com\/staging\/wp-json\/wp\/v2\/product_brand?post=61504"},{"taxonomy":"product_cat","embeddable":true,"href":"https:\/\/rubi5.com\/staging\/wp-json\/wp\/v2\/product_cat?post=61504"},{"taxonomy":"product_tag","embeddable":true,"href":"https:\/\/rubi5.com\/staging\/wp-json\/wp\/v2\/product_tag?post=61504"}],"curies":[{"name":"wp","href":"https:\/\/api.w.org\/{rel}","templated":true}]}}