{"id":63236,"date":"2024-07-12T14:34:25","date_gmt":"2024-07-12T12:34:25","guid":{"rendered":"https:\/\/rubi5.com\/?post_type=product&#038;p=63236"},"modified":"2024-07-15T13:58:40","modified_gmt":"2024-07-15T11:58:40","slug":"balsamo-labial-bambu","status":"publish","type":"product","link":"https:\/\/rubi5.com\/staging\/balsamo-labial-bambu\/","title":{"rendered":"B\u00e1lsamo Labial Bamb\u00fa"},"content":{"rendered":"","protected":false},"excerpt":{"rendered":"<p>Original b\u00e1lsamo realizado en bamb\u00fa, cada pieza en bolsa individual. Aroma a Vainilla.<\/p>\n","protected":false},"featured_media":63239,"template":"","meta":{"_acf_changed":false},"product_brand":[],"product_cat":[922,187],"product_tag":[],"class_list":{"0":"post-63236","1":"product","2":"type-product","3":"status-publish","4":"has-post-thumbnail","6":"product_cat-balsamos-labiales","7":"product_cat-salud-y-bienestar","9":"first","10":"instock","11":"taxable","12":"shipping-taxable","13":"purchasable","14":"product-type-simple"},"acf":[],"_links":{"self":[{"href":"https:\/\/rubi5.com\/staging\/wp-json\/wp\/v2\/product\/63236","targetHints":{"allow":["GET"]}}],"collection":[{"href":"https:\/\/rubi5.com\/staging\/wp-json\/wp\/v2\/product"}],"about":[{"href":"https:\/\/rubi5.com\/staging\/wp-json\/wp\/v2\/types\/product"}],"version-history":[{"count":1,"href":"https:\/\/rubi5.com\/staging\/wp-json\/wp\/v2\/product\/63236\/revisions"}],"predecessor-version":[{"id":63240,"href":"https:\/\/rubi5.com\/staging\/wp-json\/wp\/v2\/product\/63236\/revisions\/63240"}],"wp:featuredmedia":[{"embeddable":true,"href":"https:\/\/rubi5.com\/staging\/wp-json\/wp\/v2\/media\/63239"}],"wp:attachment":[{"href":"https:\/\/rubi5.com\/staging\/wp-json\/wp\/v2\/media?parent=63236"}],"wp:term":[{"taxonomy":"product_brand","embeddable":true,"href":"https:\/\/rubi5.com\/staging\/wp-json\/wp\/v2\/product_brand?post=63236"},{"taxonomy":"product_cat","embeddable":true,"href":"https:\/\/rubi5.com\/staging\/wp-json\/wp\/v2\/product_cat?post=63236"},{"taxonomy":"product_tag","embeddable":true,"href":"https:\/\/rubi5.com\/staging\/wp-json\/wp\/v2\/product_tag?post=63236"}],"curies":[{"name":"wp","href":"https:\/\/api.w.org\/{rel}","templated":true}]}}