{"id":63243,"date":"2024-07-15T07:59:23","date_gmt":"2024-07-15T05:59:23","guid":{"rendered":"https:\/\/rubi5.com\/?post_type=product&#038;p=63243"},"modified":"2026-01-22T04:31:19","modified_gmt":"2026-01-22T02:31:19","slug":"llavero-noemix","status":"publish","type":"product","link":"https:\/\/rubi5.com\/staging\/llavero-noemix\/","title":{"rendered":"Llavero Noemix"},"content":{"rendered":"","protected":false},"excerpt":{"rendered":"<p>Llavero de l\u00ednea nature fabricado en cuero reciclado. En tono marr\u00f3n, con dise\u00f1o rectangular y de acabado cosido. Grabado con distintivo cuero reciclado en una cara, con lado opuesto liso para impresi\u00f3n. Anilla met\u00e1lica cromada y presentado en bolsa individual kraft.<\/p>\n","protected":false},"featured_media":63245,"template":"","meta":{"_acf_changed":false},"product_brand":[],"product_cat":[733,726,899],"product_tag":[],"class_list":{"0":"post-63243","1":"product","2":"type-product","3":"status-publish","4":"has-post-thumbnail","6":"product_cat-llaveros-grabados","7":"product_cat-accesorios-y-regalos","8":"product_cat-llaveros-personalizados","10":"first","11":"instock","12":"taxable","13":"shipping-taxable","14":"purchasable","15":"product-type-simple"},"acf":[],"_links":{"self":[{"href":"https:\/\/rubi5.com\/staging\/wp-json\/wp\/v2\/product\/63243","targetHints":{"allow":["GET"]}}],"collection":[{"href":"https:\/\/rubi5.com\/staging\/wp-json\/wp\/v2\/product"}],"about":[{"href":"https:\/\/rubi5.com\/staging\/wp-json\/wp\/v2\/types\/product"}],"version-history":[{"count":1,"href":"https:\/\/rubi5.com\/staging\/wp-json\/wp\/v2\/product\/63243\/revisions"}],"predecessor-version":[{"id":63244,"href":"https:\/\/rubi5.com\/staging\/wp-json\/wp\/v2\/product\/63243\/revisions\/63244"}],"wp:featuredmedia":[{"embeddable":true,"href":"https:\/\/rubi5.com\/staging\/wp-json\/wp\/v2\/media\/63245"}],"wp:attachment":[{"href":"https:\/\/rubi5.com\/staging\/wp-json\/wp\/v2\/media?parent=63243"}],"wp:term":[{"taxonomy":"product_brand","embeddable":true,"href":"https:\/\/rubi5.com\/staging\/wp-json\/wp\/v2\/product_brand?post=63243"},{"taxonomy":"product_cat","embeddable":true,"href":"https:\/\/rubi5.com\/staging\/wp-json\/wp\/v2\/product_cat?post=63243"},{"taxonomy":"product_tag","embeddable":true,"href":"https:\/\/rubi5.com\/staging\/wp-json\/wp\/v2\/product_tag?post=63243"}],"curies":[{"name":"wp","href":"https:\/\/api.w.org\/{rel}","templated":true}]}}