{"id":64234,"date":"2024-09-06T13:37:03","date_gmt":"2024-09-06T11:37:03","guid":{"rendered":"https:\/\/rubi5.com\/?post_type=product&#038;p=64234"},"modified":"2026-01-22T04:31:15","modified_gmt":"2026-01-22T02:31:15","slug":"agenda-a5-de-carton-reciclado","status":"publish","type":"product","link":"https:\/\/rubi5.com\/staging\/agenda-a5-de-carton-reciclado\/","title":{"rendered":"Agenda A5 de cart\u00f3n reciclado"},"content":{"rendered":"","protected":false},"excerpt":{"rendered":"<p>Agenda A5 de cart\u00f3n reciclado. Con cubiertas r\u00edgidas y el\u00e1stico de cierre a juego. Dentro dispone de p\u00e1gina d\u00eda y una zona de anotaciones. La agenda perfecta para regalar a tus empleados y que no se les olvide apuntar ninguna tarea. Tendr\u00e1n espacio suficiente para toda su jornada.<\/p>\n<p>Podr\u00e1s entregar la agenda guardada en una caja de presentaci\u00f3n de kraft, con su distintivo ECO.<\/p>\n","protected":false},"featured_media":64236,"template":"","meta":{"_acf_changed":false},"product_brand":[],"product_cat":[942,259,33],"product_tag":[],"class_list":{"0":"post-64234","1":"product","2":"type-product","3":"status-publish","4":"has-post-thumbnail","6":"product_cat-agendas-a5","7":"product_cat-agendas-personalizadas","8":"product_cat-oficina","10":"first","11":"instock","12":"taxable","13":"shipping-taxable","14":"product-type-variable"},"acf":[],"_links":{"self":[{"href":"https:\/\/rubi5.com\/staging\/wp-json\/wp\/v2\/product\/64234","targetHints":{"allow":["GET"]}}],"collection":[{"href":"https:\/\/rubi5.com\/staging\/wp-json\/wp\/v2\/product"}],"about":[{"href":"https:\/\/rubi5.com\/staging\/wp-json\/wp\/v2\/types\/product"}],"version-history":[{"count":2,"href":"https:\/\/rubi5.com\/staging\/wp-json\/wp\/v2\/product\/64234\/revisions"}],"predecessor-version":[{"id":64246,"href":"https:\/\/rubi5.com\/staging\/wp-json\/wp\/v2\/product\/64234\/revisions\/64246"}],"wp:featuredmedia":[{"embeddable":true,"href":"https:\/\/rubi5.com\/staging\/wp-json\/wp\/v2\/media\/64236"}],"wp:attachment":[{"href":"https:\/\/rubi5.com\/staging\/wp-json\/wp\/v2\/media?parent=64234"}],"wp:term":[{"taxonomy":"product_brand","embeddable":true,"href":"https:\/\/rubi5.com\/staging\/wp-json\/wp\/v2\/product_brand?post=64234"},{"taxonomy":"product_cat","embeddable":true,"href":"https:\/\/rubi5.com\/staging\/wp-json\/wp\/v2\/product_cat?post=64234"},{"taxonomy":"product_tag","embeddable":true,"href":"https:\/\/rubi5.com\/staging\/wp-json\/wp\/v2\/product_tag?post=64234"}],"curies":[{"name":"wp","href":"https:\/\/api.w.org\/{rel}","templated":true}]}}