{"id":64753,"date":"2024-10-08T09:35:36","date_gmt":"2024-10-08T07:35:36","guid":{"rendered":"https:\/\/rubi5.com\/?post_type=product&#038;p=64753"},"modified":"2024-10-29T11:21:00","modified_gmt":"2024-10-29T09:21:00","slug":"lapiz-infinito-de-aluminio-penever","status":"publish","type":"product","link":"https:\/\/rubi5.com\/staging\/lapiz-infinito-de-aluminio-penever\/","title":{"rendered":"L\u00e1piz infinito de aluminio Penever"},"content":{"rendered":"","protected":false},"excerpt":{"rendered":"<p>L\u00e1piz infinito de aluminio reciclado de larga duraci\u00f3n. La punta de grafito tiene una cubierta protectora de pl\u00e1stico. Disponible en varios colores.<\/p>\n","protected":false},"featured_media":64757,"template":"","meta":{"_acf_changed":false},"product_brand":[],"product_cat":[920,43,324],"product_tag":[],"class_list":{"0":"post-64753","1":"product","2":"type-product","3":"status-publish","4":"has-post-thumbnail","6":"product_cat-lapiceros-originales","7":"product_cat-escritura","8":"product_cat-lapiceros-personalizados","10":"first","11":"instock","12":"taxable","13":"shipping-taxable","14":"purchasable","15":"product-type-variable"},"acf":[],"_links":{"self":[{"href":"https:\/\/rubi5.com\/staging\/wp-json\/wp\/v2\/product\/64753","targetHints":{"allow":["GET"]}}],"collection":[{"href":"https:\/\/rubi5.com\/staging\/wp-json\/wp\/v2\/product"}],"about":[{"href":"https:\/\/rubi5.com\/staging\/wp-json\/wp\/v2\/types\/product"}],"version-history":[{"count":1,"href":"https:\/\/rubi5.com\/staging\/wp-json\/wp\/v2\/product\/64753\/revisions"}],"predecessor-version":[{"id":64765,"href":"https:\/\/rubi5.com\/staging\/wp-json\/wp\/v2\/product\/64753\/revisions\/64765"}],"wp:featuredmedia":[{"embeddable":true,"href":"https:\/\/rubi5.com\/staging\/wp-json\/wp\/v2\/media\/64757"}],"wp:attachment":[{"href":"https:\/\/rubi5.com\/staging\/wp-json\/wp\/v2\/media?parent=64753"}],"wp:term":[{"taxonomy":"product_brand","embeddable":true,"href":"https:\/\/rubi5.com\/staging\/wp-json\/wp\/v2\/product_brand?post=64753"},{"taxonomy":"product_cat","embeddable":true,"href":"https:\/\/rubi5.com\/staging\/wp-json\/wp\/v2\/product_cat?post=64753"},{"taxonomy":"product_tag","embeddable":true,"href":"https:\/\/rubi5.com\/staging\/wp-json\/wp\/v2\/product_tag?post=64753"}],"curies":[{"name":"wp","href":"https:\/\/api.w.org\/{rel}","templated":true}]}}