{"id":66071,"date":"2024-10-29T13:49:57","date_gmt":"2024-10-29T11:49:57","guid":{"rendered":"https:\/\/rubi5.com\/?post_type=product&#038;p=66071"},"modified":"2026-01-22T11:11:09","modified_gmt":"2026-01-22T09:11:09","slug":"bloc-de-notas-rpet-wilko","status":"publish","type":"product","link":"https:\/\/rubi5.com\/staging\/bloc-de-notas-rpet-wilko\/","title":{"rendered":"Bloc de notas RPET Wilko"},"content":{"rendered":"","protected":false},"excerpt":{"rendered":"<p>Bloc de notas de tapas r\u00edgidas, elaboradas en fieltro RPET. Incluye bolsillo de corcho cosido en portada. Contiene 80 p\u00e1ginas de disposici\u00f3n a una raya, marcap\u00e1ginas y soporte el\u00e1stico para bol\u00edgrafo a juego. Distintivo RPET en contraportada. Medidas bloc: 14.6 x 21 x 1.5 cm<\/p>\n","protected":false},"featured_media":66076,"template":"","meta":{"_acf_changed":false},"product_brand":[],"product_cat":[934,933,247,33],"product_tag":[],"class_list":{"0":"post-66071","1":"product","2":"type-product","3":"status-publish","4":"has-post-thumbnail","6":"product_cat-libretas-a5","7":"product_cat-libretas-ecologicas","8":"product_cat-libretas-personalizadas","9":"product_cat-oficina","11":"first","12":"instock","13":"taxable","14":"shipping-taxable","15":"purchasable","16":"product-type-simple"},"acf":[],"_links":{"self":[{"href":"https:\/\/rubi5.com\/staging\/wp-json\/wp\/v2\/product\/66071","targetHints":{"allow":["GET"]}}],"collection":[{"href":"https:\/\/rubi5.com\/staging\/wp-json\/wp\/v2\/product"}],"about":[{"href":"https:\/\/rubi5.com\/staging\/wp-json\/wp\/v2\/types\/product"}],"version-history":[{"count":1,"href":"https:\/\/rubi5.com\/staging\/wp-json\/wp\/v2\/product\/66071\/revisions"}],"predecessor-version":[{"id":66077,"href":"https:\/\/rubi5.com\/staging\/wp-json\/wp\/v2\/product\/66071\/revisions\/66077"}],"wp:featuredmedia":[{"embeddable":true,"href":"https:\/\/rubi5.com\/staging\/wp-json\/wp\/v2\/media\/66076"}],"wp:attachment":[{"href":"https:\/\/rubi5.com\/staging\/wp-json\/wp\/v2\/media?parent=66071"}],"wp:term":[{"taxonomy":"product_brand","embeddable":true,"href":"https:\/\/rubi5.com\/staging\/wp-json\/wp\/v2\/product_brand?post=66071"},{"taxonomy":"product_cat","embeddable":true,"href":"https:\/\/rubi5.com\/staging\/wp-json\/wp\/v2\/product_cat?post=66071"},{"taxonomy":"product_tag","embeddable":true,"href":"https:\/\/rubi5.com\/staging\/wp-json\/wp\/v2\/product_tag?post=66071"}],"curies":[{"name":"wp","href":"https:\/\/api.w.org\/{rel}","templated":true}]}}