{"id":67484,"date":"2025-02-14T11:03:05","date_gmt":"2025-02-14T09:03:05","guid":{"rendered":"https:\/\/rubi5.com\/?post_type=product&#038;p=67484"},"modified":"2025-02-14T11:03:05","modified_gmt":"2025-02-14T09:03:05","slug":"tarjeta-usb-milen-16-gb","status":"publish","type":"product","link":"https:\/\/rubi5.com\/staging\/tarjeta-usb-milen-16-gb\/","title":{"rendered":"Tarjeta USB Milen 16 GB"},"content":{"rendered":"","protected":false},"excerpt":{"rendered":"<p>Memoria USB tarjeta de 16GB de capacidad, con conexi\u00f3n Tipo C y tecnolog\u00eda OTG. De dise\u00f1o ultraplano, mecanismo plegable y especialmente dise\u00f1ada para marcaje a todo color en digital. Compatible con dispositivos m\u00f3viles Android con funcionalidad OTG. Presentada en funda individual.<\/p>\n","protected":false},"featured_media":67487,"template":"","meta":{"_acf_changed":false},"product_brand":[],"product_cat":[147,338,336],"product_tag":[],"class_list":{"0":"post-67484","1":"product","2":"type-product","3":"status-publish","4":"has-post-thumbnail","6":"product_cat-tecnologia","7":"product_cat-memorias-usb-baratas","8":"product_cat-memorias-usb-personalizadas","10":"first","11":"instock","12":"taxable","13":"shipping-taxable","14":"product-type-external"},"acf":[],"_links":{"self":[{"href":"https:\/\/rubi5.com\/staging\/wp-json\/wp\/v2\/product\/67484","targetHints":{"allow":["GET"]}}],"collection":[{"href":"https:\/\/rubi5.com\/staging\/wp-json\/wp\/v2\/product"}],"about":[{"href":"https:\/\/rubi5.com\/staging\/wp-json\/wp\/v2\/types\/product"}],"version-history":[{"count":1,"href":"https:\/\/rubi5.com\/staging\/wp-json\/wp\/v2\/product\/67484\/revisions"}],"predecessor-version":[{"id":67488,"href":"https:\/\/rubi5.com\/staging\/wp-json\/wp\/v2\/product\/67484\/revisions\/67488"}],"wp:featuredmedia":[{"embeddable":true,"href":"https:\/\/rubi5.com\/staging\/wp-json\/wp\/v2\/media\/67487"}],"wp:attachment":[{"href":"https:\/\/rubi5.com\/staging\/wp-json\/wp\/v2\/media?parent=67484"}],"wp:term":[{"taxonomy":"product_brand","embeddable":true,"href":"https:\/\/rubi5.com\/staging\/wp-json\/wp\/v2\/product_brand?post=67484"},{"taxonomy":"product_cat","embeddable":true,"href":"https:\/\/rubi5.com\/staging\/wp-json\/wp\/v2\/product_cat?post=67484"},{"taxonomy":"product_tag","embeddable":true,"href":"https:\/\/rubi5.com\/staging\/wp-json\/wp\/v2\/product_tag?post=67484"}],"curies":[{"name":"wp","href":"https:\/\/api.w.org\/{rel}","templated":true}]}}