{"id":67645,"date":"2025-03-03T11:58:06","date_gmt":"2025-03-03T09:58:06","guid":{"rendered":"https:\/\/rubi5.com\/?post_type=product&#038;p=67645"},"modified":"2026-01-22T04:35:13","modified_gmt":"2026-01-22T02:35:13","slug":"boligrafo-ecologico-melky","status":"publish","type":"product","link":"https:\/\/rubi5.com\/staging\/boligrafo-ecologico-melky\/","title":{"rendered":"Bol\u00edgrafo Ecol\u00f3gico Melky"},"content":{"rendered":"","protected":false},"excerpt":{"rendered":"<p>Bol\u00edgrafo con mecanismo pulsador de bamb\u00fa y ca\u00f1a de trigo. Cuerpo en bamb\u00fa, con accesorios a juego en ca\u00f1a de trigo.<\/p>\n<p>Original clip tama\u00f1o XL, disponible en variada gama de colores de carga jumbo y en tinta azul.<\/p>\n","protected":false},"featured_media":67671,"template":"","meta":{"_acf_changed":false},"product_brand":[],"product_cat":[320,317,43],"product_tag":[],"class_list":{"0":"post-67645","1":"product","2":"type-product","3":"status-publish","4":"has-post-thumbnail","6":"product_cat-boligrafos-ecologicos","7":"product_cat-boligrafos-personalizados","8":"product_cat-escritura","10":"first","11":"instock","12":"taxable","13":"shipping-taxable","14":"purchasable","15":"product-type-variable"},"acf":[],"_links":{"self":[{"href":"https:\/\/rubi5.com\/staging\/wp-json\/wp\/v2\/product\/67645","targetHints":{"allow":["GET"]}}],"collection":[{"href":"https:\/\/rubi5.com\/staging\/wp-json\/wp\/v2\/product"}],"about":[{"href":"https:\/\/rubi5.com\/staging\/wp-json\/wp\/v2\/types\/product"}],"version-history":[{"count":2,"href":"https:\/\/rubi5.com\/staging\/wp-json\/wp\/v2\/product\/67645\/revisions"}],"predecessor-version":[{"id":67652,"href":"https:\/\/rubi5.com\/staging\/wp-json\/wp\/v2\/product\/67645\/revisions\/67652"}],"wp:featuredmedia":[{"embeddable":true,"href":"https:\/\/rubi5.com\/staging\/wp-json\/wp\/v2\/media\/67671"}],"wp:attachment":[{"href":"https:\/\/rubi5.com\/staging\/wp-json\/wp\/v2\/media?parent=67645"}],"wp:term":[{"taxonomy":"product_brand","embeddable":true,"href":"https:\/\/rubi5.com\/staging\/wp-json\/wp\/v2\/product_brand?post=67645"},{"taxonomy":"product_cat","embeddable":true,"href":"https:\/\/rubi5.com\/staging\/wp-json\/wp\/v2\/product_cat?post=67645"},{"taxonomy":"product_tag","embeddable":true,"href":"https:\/\/rubi5.com\/staging\/wp-json\/wp\/v2\/product_tag?post=67645"}],"curies":[{"name":"wp","href":"https:\/\/api.w.org\/{rel}","templated":true}]}}