{"id":68668,"date":"2025-06-05T12:13:08","date_gmt":"2025-06-05T10:13:08","guid":{"rendered":"https:\/\/rubi5.com\/?post_type=product&#038;p=68668"},"modified":"2025-06-05T12:18:13","modified_gmt":"2025-06-05T10:18:13","slug":"identificador-vertical-rigido","status":"publish","type":"product","link":"https:\/\/rubi5.com\/staging\/identificador-vertical-rigido\/","title":{"rendered":"Identificador Vertical R\u00edgido"},"content":{"rendered":"","protected":false},"excerpt":{"rendered":"<p>Identificador vertical de PVC. Pr\u00e1ctico porta acreditaciones con parte superior reforzada y perforaciones tanto para la sujeci\u00f3n central como en los laterales. Medidas: 11.3 x 18 x cm<\/p>\n","protected":false},"featured_media":65172,"template":"","meta":{"_acf_changed":false},"product_brand":[],"product_cat":[257,946,54],"product_tag":[],"class_list":{"0":"post-68668","1":"product","2":"type-product","3":"status-publish","4":"has-post-thumbnail","6":"product_cat-identificadores-personalizados","7":"product_cat-accesorios-para-eventos","8":"product_cat-eventos","10":"first","11":"instock","12":"taxable","13":"shipping-taxable","14":"purchasable","15":"product-type-simple"},"acf":[],"_links":{"self":[{"href":"https:\/\/rubi5.com\/staging\/wp-json\/wp\/v2\/product\/68668","targetHints":{"allow":["GET"]}}],"collection":[{"href":"https:\/\/rubi5.com\/staging\/wp-json\/wp\/v2\/product"}],"about":[{"href":"https:\/\/rubi5.com\/staging\/wp-json\/wp\/v2\/types\/product"}],"version-history":[{"count":1,"href":"https:\/\/rubi5.com\/staging\/wp-json\/wp\/v2\/product\/68668\/revisions"}],"predecessor-version":[{"id":68669,"href":"https:\/\/rubi5.com\/staging\/wp-json\/wp\/v2\/product\/68668\/revisions\/68669"}],"wp:featuredmedia":[{"embeddable":true,"href":"https:\/\/rubi5.com\/staging\/wp-json\/wp\/v2\/media\/65172"}],"wp:attachment":[{"href":"https:\/\/rubi5.com\/staging\/wp-json\/wp\/v2\/media?parent=68668"}],"wp:term":[{"taxonomy":"product_brand","embeddable":true,"href":"https:\/\/rubi5.com\/staging\/wp-json\/wp\/v2\/product_brand?post=68668"},{"taxonomy":"product_cat","embeddable":true,"href":"https:\/\/rubi5.com\/staging\/wp-json\/wp\/v2\/product_cat?post=68668"},{"taxonomy":"product_tag","embeddable":true,"href":"https:\/\/rubi5.com\/staging\/wp-json\/wp\/v2\/product_tag?post=68668"}],"curies":[{"name":"wp","href":"https:\/\/api.w.org\/{rel}","templated":true}]}}